f u?
2, 5
Suppose 0 = c + 3*c + 12. What are the prime factors of (-1)/((0 - c)/(-75))?
5
Let l(x) = x**3 - 6*x**2 - 5*x + 5. Let b = 20 - 13. What are the prime factors of l(b)?
19
Let c be 4*-1 - -1 - -19. Let r = c - 4. What are the prime factors of r?
2, 3
Suppose 0*d = -5*d + 110. Let t(r) = -r**2 + 3*r + 8. Let j be t(6). Let v = j + d. List the prime factors of v.
2, 3
Suppose 0 = -2*g + u + 503, -2*g = 2*g - u - 1001. List the prime factors of g.
3, 83
Let n = 66 - 35. List the prime factors of n.
31
Let j(q) = -8*q - 7. Let i be j(-6). Let t = -29 + i. What are the prime factors of t?
2, 3
Let y(q) be the third derivative of q**5/60 - q**4/8 - 5*q**3/6 - 5*q**2. List the prime factors of y(6).
13
Suppose -4*q + 33 = -43. Suppose -67 = -4*n - q. What are the prime factors of n?
2, 3
Let s = -5 - -10. Suppose 19 = h + s. List the prime factors of h.
2, 7
Suppose -4*a = -3 - 5. Suppose 0 = -a*r + 2 + 2. List the prime factors of r.
2
List the prime factors of (1 - -3) + -1 + 2.
5
Let q be (-32)/(3/(7 + -1)). Let j = -29 - q. List the prime factors of j.
5, 7
Suppose 4*c - 8*c + 152 = 0. Suppose -2*g = 2*a - c, 2*g + 2*g + 3*a - 78 = 0. Suppose 0 = -3*u - 2*s + 30, 6*u - 3*u - g = s. What are the prime factors of u?
2
Let w = 99 - 42. What are the prime factors of w?
3, 19
Suppose -3*q + 28 = -q - 3*u, -2*q = -u - 28. List the prime factors of q.
2, 7
Suppose 0 = -9*u + 11*u - 18. Let m(w) = -w**3 + 5*w**2 - 3*w - 3. Let r be m(3). What are the prime factors of u/(3 - 9/r)?
2, 3
Let r be (-6)/(-4)*(2 - 0). Let p be (-204)/(-9)*r/2. Suppose 0*v = 3*v + 3*m - 9, p = 3*v - 2*m. List the prime factors of v.
2
List the prime factors of (-328)/(-16)*(-1)/((-2)/12).
3, 41
Suppose t - 6*t - 15 = 0. List the prime factors of (-1)/(1*t/66).
2, 11
What are the prime factors of ((-1)/2)/(5/(-90))?
3
Let c(s) = -s - 11. Let q be c(-11). What are the prime factors of (-2)/6*(q - 81)?
3
Let a = 6 - 4. Suppose r + a = 3. List the prime factors of (-6)/((-4)/(1 + r)).
3
Suppose o = -0*o + 100. What are the prime factors of o?
2, 5
Suppose 3*g = -14 - 4. Let m = g - -9. Suppose 0 = m*l + 4*v - 7 - 9, 2*l = v + 29. What are the prime factors of l?
2, 3
Let x = -15 + 21. Let b be (-66)/9 + 2/x. Let m = b + 11. List the prime factors of m.
2
Suppose -3*t + 5*t = -6. Let n = 6 + t. What are the prime factors of n?
3
Let o = -252 - -540. List the prime factors of o.
2, 3
Suppose -3*n + 14 = 4*s, 10 = -0*s + 5*s. Suppose -n*g - 4*p + 36 = -p, -4*g = 4*p - 72. What are the prime factors of g?
2, 3
Suppose -9*b + 3*b + 204 = 0. List the prime factors of b.
2, 17
Let i(x) = -2*x + 108. Let d be i(0). Suppose -5*u + 2*o + d = -o, 2*u + 4*o - 38 = 0. What are the prime factors of u?
3, 7
Let i = -6 + 3. Let w be (-6)/(-3) + (-1 - i). List the prime factors of 31/w + 4/16.
2
Let y(q) = -1 + 21*q**2 + 0 - 8*q - 20*q**2 - 4. List the prime factors of y(11).
2, 7
Suppose 5*h - 123 = -23. Let w = h - 11. Suppose 4*m = 2*j + 26, -m + 4*j + 1 = -w. What are the prime factors of m?
2, 3
Let t(i) = 5*i**2 + 2*i + 1. Let l be t(2). Let j = l + 16. Let g = -29 + j. What are the prime factors of g?
2, 3
Let q(o) = 3*o**2 + 11*o + 5. List the prime factors of q(-5).
5
Suppose j - 3*x = 2*x + 56, -126 = -3*j + x. Let r = -24 + j. What are the prime factors of r?
17
Let x(q) = 7*q - 11. Let m be x(9). Suppose -5*z + 33 + m = 5*h, 51 = 3*h - z. List the prime factors of h.
17
Suppose 0 = -2*a + 3*q + 1, 4*q + 0*q = a + 2. What are the prime factors of 11 + 1/(a/4)?
13
Suppose 6*f - 3*f + 3*a - 63 = 0, -5*f + 120 = 2*a. List the prime factors of f.
2, 13
Let d(y) = 4*y**3 + y - 1. Let z be d(1). Suppose 6 = -z*x + 14. List the prime factors of 3*x/3 + 9.
11
Let o(c) be the third derivative of c**5/60 - c**4/12 + 5*c**3/6 + 2*c**2. List the prime factors of o(4).
13
Let i(r) = 5*r**2 - 7*r + 3 - 4*r**2 + 5 + 0*r**2. List the prime factors of i(7).
2
Suppose 0 = 3*z - 0 + 54. Let j = 41 + z. What are the prime factors of j?
23
Let g(x) be the first derivative of 7*x**2/2 + 1. What are the prime factors of g(2)?
2, 7
Let f be 0 - 1 - 0/(-2). What are the prime factors of (f - -5)*(-33)/(-12)?
11
Suppose 2*o + b + 8 = o, o + 3*b = -8. Let x = 19 + o. What are the prime factors of x?
11
Let l(z) = 14*z**2 + z. Suppose b - y = 0, -8 + 3 = -5*y. What are the prime factors of l(b)?
3, 5
What are the prime factors of (-5 + (-22)/(-4))/((-4)/(-2832))?
2, 3, 59
List the prime factors of (32/(-6))/(4/(-48)).
2
Let v = -57 + 551. What are the prime factors of v/14 + 8/(-28)?
5, 7
Let q be (-38)/(-14) - 2/(-7). Let b be ((-1)/(-2))/(q/30). List the prime factors of 13/1 - (b + -4).
2, 3
Let m(i) be the first derivative of -3*i**2 - 3*i + 3*i**3 + 3 - 1/4*i**4. What are the prime factors of m(8)?
13
Suppose 2*s = r - 7, -2*s + 5 = 4*r - r. Suppose 9 + r = 4*m. What are the prime factors of m?
3
Let j = 69 - 49. What are the prime factors of ((-104)/10)/((-4)/j)?
2, 13
Let m(c) = 8*c + 3. List the prime factors of m(2).
19
Let c be 2*-2 + 3 + -45. Let k = c - -68. Suppose 3*w = -o - 3*o + k, 5*o - 5*w - 45 = 0. What are the prime factors of o?
7
Suppose 2*v - 11 = -1. Suppose 3*m = 4*h - 65, 0 = -5*h + v*m + 132 - 47. List the prime factors of h.
2, 7
Suppose 91*z - 94*z + 657 = 0. What are the prime factors of z?
3, 73
Suppose -k - 229 = -5*s - 51, -4*s + k = -142. Suppose 2*c = s + 48. List the prime factors of c.
2, 3, 7
Let h(y) = 2*y**2 + 4*y + 6. Let w be h(-4). Suppose w = 2*x - 22. What are the prime factors of x?
2, 11
Let r(t) = -t**3 + 3*t**2 - 2. Let h be r(2). Suppose 2*z = h, -2*d + 25 + 3 = 2*z. List the prime factors of d.
13
Let t(w) = 7*w**2 - 5*w - 5. List the prime factors of t(-2).
3, 11
Suppose t - 2 = 0, k - 3*t + 8 = -0*k. Let r(v) = 5*v**2 + v - 2. What are the prime factors of r(k)?
2
Let v = -10 + 36. Let s = -21 + v. List the prime factors of s.
5
Suppose -o - 51 = 5*r, -4*r + 2 = 3*o + 34. List the prime factors of (-211)/r + 4/(-22).
19
Suppose 3*b - 472 = -46. What are the prime factors of b?
2, 71
What are the prime factors of (-348)/3*3/(-6)?
2, 29
Let g = 2 - -1. Let p(n) = -n**3 - 2*n**2 + 3*n + 2. Let u be p(-3). Suppose 0 = -3*c + 5*f + 43, u*c - g*f = 12 + 15. What are the prime factors of c?
2, 3
Suppose -6*o - 57 = -7*o. What are the prime factors of o?
3, 19
Let q = -15 - -19. Suppose -5*x + 46 = -q*k, 4*x - 3*k = 23 + 14. What are the prime factors of x?
2, 5
Let s(o) = -o - 2. Let k be s(-10). Suppose -n - k = -2*n. List the prime factors of n.
2
Let f be (-958)/(-10) + (-2)/(-10). Suppose 0 = 3*r + r - f. What are the prime factors of r?
2, 3
Let n = 30 - 20. Let w = n + -7. What are the prime factors of w?
3
Suppose -4*t = -4*y + 100, -y - 2*y - 3*t + 57 = 0. What are the prime factors of y?
2, 11
Let x be 4/(-12) + (-7)/(-3). Suppose -37 = -x*s + 5*r, 5*s + 3*r = -2*r + 5. List the prime factors of s.
2, 3
Let m(i) = 0 - 4 - 2*i**2 + 2*i + i + 1. Let a be m(2). List the prime factors of a*-3*(-4)/(-6).
2, 5
Suppose -3 = -3*p + 3. Suppose 3*f - 64 = -p*b, 0 = -3*b - 0*b - 3. List the prime factors of f.
2, 11
Let y = 3 - -1. Suppose y*g = 7*g - 9. What are the prime factors of g?
3
What are the prime factors of (-217)/(-3) + 1/(-3)?
2, 3
Suppose -4*d + 268 = -4*p, -3*d + 4*p + 73 = -123. Suppose -u + d = 3*u. List the prime factors of u.
2, 3
Let f = -7 + 9. Suppose 2*p - f - 4 = 0. Suppose m - 10 = p*k, 4*m - 5*k = 11 + 15. List the prime factors of m.
2
Suppose 0 = -b + 6*b. Suppose -4*t - 7 + 2 = 5*n, 3*t - 5*n - 40 = 0. Suppose 4*s - 20 = 0, -t*z - 3*s + 16 + 44 = b. List the prime factors of z.
3
Suppose 5*g - 8 = 37. What are the prime factors of g?
3
Suppose 2*m - m - 2 = 0. Let i be -1*1*(m - 2). Suppose 5*n + 4*v - 5 = i, n + 9 = -4*v - 6. What are the prime factors of n?
5
Let p be (-3 - -13)/2 - 3. Let d = 14 + -10. Suppose 0 = p*s - s - d. What are the prime factors of s?
2
Suppose 5*z = 2*f + 4, 3*z - 12 - 9 = -5*f. Suppose -f*a + 7*a - 68 = 0. What are the prime factors of a?
17
Suppose 14 + 68 = w. List the prime factors of w.
2, 41
Suppose 2*c + 119 = -5*l - 41, 4*c + 20 = 0. What are the prime factors of 0*1/(-4) - l?
2, 3, 5
Let d = 10 + -6. Suppose 19 = d*a + 3. What are the prime factors of a?
2
Let o(r) = 5*r**2 + 3*r - 3. List t